ainder when 5885529 is divided by 2033.
2027
What is the remainder when 211125 is divided by 835?
705
What is the remainder when 363422 is divided by 2455?
82
What is the remainder when 405811 is divided by 746?
733
What is the remainder when 1290813 is divided by 673?
672
What is the remainder when 1299353 is divided by 1896?
593
Calculate the remainder when 33583 is divided by 33371.
212
Calculate the remainder when 3765028 is divided by 3980.
3928
What is the remainder when 28643 is divided by 28069?
574
What is the remainder when 27473 is divided by 267?
239
What is the remainder when 14167959 is divided by 2361325?
9
Calculate the remainder when 144956 is divided by 36201.
152
Calculate the remainder when 6319955 is divided by 62.
47
Calculate the remainder when 1860267 is divided by 407.
277
What is the remainder when 186080 is divided by 8860?
20
Calculate the remainder when 2010226 is divided by 335035.
16
Calculate the remainder when 162819 is divided by 162809.
10
What is the remainder when 69891621 is divided by 12?
9
What is the remainder when 381622 is divided by 127195?
37
Calculate the remainder when 28741993 is divided by 485.
408
What is the remainder when 5898109 is divided by 46?
35
What is the remainder when 235035 is divided by 117487?
61
Calculate the remainder when 10566190 is divided by 354.
352
Calculate the remainder when 2515414 is divided by 217.
167
What is the remainder when 439648599 is divided by 19?
18
Calculate the remainder when 3852740 is divided by 93969.
11
Calculate the remainder when 380609 is divided by 95146.
25
What is the remainder when 7194997 is divided by 2269?
2267
What is the remainder when 889064 is divided by 22794?
98
What is the remainder when 14179 is divided by 4585?
424
What is the remainder when 3552486 is divided by 13355?
56
What is the remainder when 15979 is divided by 7974?
31
Calculate the remainder when 372653 is divided by 123935.
848
What is the remainder when 626339151 is divided by 211?
210
Calculate the remainder when 12941447 is divided by 2588279.
52
Calculate the remainder when 3544760 is divided by 1166.
120
Calculate the remainder when 14137 is divided by 13.
6
Calculate the remainder when 302457 is divided by 96974.
11535
Calculate the remainder when 15070 is divided by 7083.
904
What is the remainder when 25479828 is divided by 4246637?
6
Calculate the remainder when 54340281 is divided by 28843.
69
What is the remainder when 1923721 is divided by 464?
441
Calculate the remainder when 9126 is divided by 8406.
720
Calculate the remainder when 2415769 is divided by 86277.
13
Calculate the remainder when 204080 is divided by 608.
400
Calculate the remainder when 8740996 is divided by 82.
42
Calculate the remainder when 1736498 is divided by 135.
128
What is the remainder when 2431887 is divided by 1093?
1055
Calculate the remainder when 1375938 is divided by 59823.
9
What is the remainder when 35863275 is divided by 17931620?
35
Calculate the remainder when 488958 is divided by 545.
93
Calculate the remainder when 99436 is divided by 5801.
819
Calculate the remainder when 3391579 is divided by 1007.
3
Calculate the remainder when 239538388 is divided by 30.
28
What is the remainder when 70711616 is divided by 35?
31
What is the remainder when 2859828 is divided by 5663?
13
What is the remainder when 433163 is divided by 729?
137
What is the remainder when 74453 is divided by 24484?
1001
What is the remainder when 124306 is divided by 60887?
2532
What is the remainder when 3737518 is divided by 47?
31
Calculate the remainder when 274213 is divided by 506.
467
Calculate the remainder when 153533757 is divided by 76766872.
13
What is the remainder when 371636 is divided by 185759?
118
What is the remainder when 109405 is divided by 4968?
109
What is the remainder when 284412 is divided by 17774?
28
Calculate the remainder when 1128162 is divided by 324.
318
What is the remainder when 15996261 is divided by 176?
149
Calculate the remainder when 3027094 is divided by 1605.
64
What is the remainder when 670613 is divided by 74492?
185
What is the remainder when 622503658 is divided by 807?
805
What is the remainder when 119486 is divided by 252?
38
Calculate the remainder when 135861447 is divided by 75.
72
Calculate the remainder when 90925260 is divided by 9.
6
Calculate the remainder when 330320 is divided by 208.
16
Calculate the remainder when 1967935 is divided by 983921.
93
Calculate the remainder when 21531275 is divided by 78.
77
Calculate the remainder when 274937777 is divided by 1222.
1219
Calculate the remainder when 193545 is divided by 23.
0
Calculate the remainder when 3686558 is divided by 37616.
190
What is the remainder when 89382 is divided by 295?
292
What is the remainder when 10121998 is divided by 335?
308
What is the remainder when 777775 is divided by 801?
4
What is the remainder when 2840637 is divided by 47?
4
What is the remainder when 315334 is divided by 4440?
94
Calculate the remainder when 1980439 is divided by 330071.
13
What is the remainder when 90580492 is divided by 6470035?
2
Calculate the remainder when 650873 is divided by 2366.
223
Calculate the remainder when 1242888 is divided by 95593.
179
What is the remainder when 1154151 is divided by 13911?
13449
Calculate the remainder when 812752 is divided by 405673.
1406
Calculate the remainder when 1048005 is divided by 109.
79
What is the remainder when 21207 is divided by 2957?
508
What is the remainder when 1403425 is divided by 701709?
7
What is the remainder when 1434251 is divided by 6078?
5921
What is the remainder when 498914 is divided by 166301?
11
Calculate the remainder when 2364598 is divided by 1238.
18
Calculate the remainder when 1170509 is divided by 40362.
11
Calculate the remainder when 23048939 is divided by 383.
382
Calculate the remainder when 74370 is divided by 10108.
3614
Calculate the remainder when 1870208 is divided by 63.
53
Calculate the remainder when 43457757 is divided by 325.
57
Calculate the remainder when 22873470 is divided by 11207.
11190
What is the remainder when 2452627 is divided by 158?
151
What is the remainder when 34580604 is divided by 563?
18
Calculate the remainder when 90367 is divided by 221.
199
What is the remainder when 113519312 is divided by 719?
716
What is the remainder when 62031038 is divided by 4642?
4634
What is the remainder when 9032710 is divided by 206?
22
Calculate the remainder when 433575 is divided by 108393.
3
What is the remainder when 15509408 is divided by 12?
8
What is the remainder when 108526 is divided by 4984?
3862
Calculate the remainder when 128815 is divided by 422.
105
What is the remainder when 86166950 is divided by 8864?
6
Calculate the remainder when 169002294 is divided by 793438.
0
Calculate the remainder when 60911094 is divided by 60.
54
What is the remainder when 18205474 is divided by 72?
58
Calculate the remainder when 667578 is divided by 667.
578
Calculate the remainder when 12313 is divided by 9807.
2506
Calculate the remainder when 318881 is divided by 53074.
437
Calculate the remainder when 456544 is divided by 2002.
88
Calculate the remainder when 23779291 is divided by 187.
184
What is the remainder when 817179 is divided by 609?
510
Calculate the remainder when 1068131 is divided by 182.
155
What is the remainder when 2102595 is divided by 161737?
14
What is the remainder when 10136544 is divided by 1126254?
258
What is the remainder when 79163 is divided by 25601?
2360
Calculate the remainder when 838866 is divided by 2292.
2286
Calculate the remainder when 22675356 is divided by 179.
173
Calculate the remainder when 358036528 is divided by 207919.
10
What is the remainder when 6812668 is divided by 125?
43
What is the remainder when 375512 is divided by 293?
179
What is the remainder when 18381361 is divided by 253?
152
Calculate the remainder when 2398842 is divided by 6073.
7
Calculate the remainder when 997444 is divided by 166178.
376
Calculate the remainder when 602706 is divided by 86097.
27
What is the remainder when 999428 is divided by 55?
23
Calculate the remainder when 7074687 is divided by 769.
656
Calculate the remainder when 6936330 is divided by 1156050.
30
Calculate th